 c be 18*((-40)/12 - -4). Calculate the highest common divisor of 9 and c.
3
Suppose 2 - 32 = -5*k. Let p be 4/k + (-7)/(-3). Suppose 2*f + 4*v = v - 1, p*v = 5*f - 8. Calculate the greatest common divisor of 3 and f.
1
Let l = 14 - 3. Let n = -2 - -3. What is the highest common divisor of n and l?
1
Let z be 1/(-1) + 20/2. Suppose 0 = 2*w + 10 - 42. Suppose -3*y + w + 11 = 0. What is the greatest common divisor of y and z?
9
Let v(n) = 2*n - 1. Let t be (0 + -1)/(6 + -7). Let d be v(t). Calculate the greatest common factor of d and 7.
1
Let y(j) = -7*j + 70. Let w(a) = 3*a - 35. Let q(n) = -9*w(n) - 4*y(n). Let t be q(0). Calculate the highest common factor of 7 and t.
7
Let j = -32 + 62. Suppose -26 = -2*l + 12. Let d = -9 + l. What is the greatest common factor of j and d?
10
Let d(b) = b + 4. Let n be d(5). Calculate the greatest common divisor of n and 3.
3
Suppose -2*f - 16 = 2*y + 2*y, -2*f + 3*y + 19 = 0. Let p(w) = -w**2 - 2*w + 2. Let c be p(-2). Calculate the highest common divisor of c and f.
2
Let q = 2 + -1. Suppose 5*z - c = -4, -2*z - 6*c + 8 = -4*c. Let b = z - -7. Calculate the highest common factor of b and q.
1
Let l = 1 - -4. Suppose h - 2*a = 2*h - l, 0 = 3*h + a - 15. Suppose 0*c + 119 = 2*c - h*i, 375 = 5*c + 3*i. What is the highest common divisor of 12 and c?
12
Let a = -11 + 13. Suppose -a*c + 6*c = 220. Calculate the greatest common factor of 5 and c.
5
Let g(n) = n**3 + 13*n**2 - 15*n - 10. Let a be g(-14). What is the greatest common divisor of 20 and a?
4
Let v(w) = -3*w - 2. Let b be v(-5). Suppose o = 4*o - 1755. Suppose -3*i + o = 2*i. What is the highest common divisor of i and b?
13
Suppose 0 = -4*n - 3 - 5. Let p = -5 + 12. Let g = n + p. What is the greatest common divisor of g and 20?
5
Let h = 8 - 5. Suppose -5 - 1 = h*g. Let n be ((-6)/7)/(g/14). What is the greatest common factor of 6 and n?
6
Let d be -9*-8*(-3)/(-9)*3. What is the highest common divisor of 16 and d?
8
Let z(v) = -8*v**2 - 5*v - 2. Let u be z(-4). Let y = 174 + u. Calculate the greatest common factor of y and 16.
16
Let g = -10 + 15. Let v = -53 + 63. Calculate the highest common divisor of g and v.
5
Suppose -d + 4 = 0, -5*q - 3*d - 11 = -43. Suppose -s = q, 3*x + 0*x = s + 19. Calculate the greatest common divisor of x and 40.
5
Suppose 2*v - 14 = -4. Let y = 15 - v. Suppose -2*n + n - 4*w + 10 = 0, -3*n - 3*w = -12. Calculate the greatest common factor of n and y.
2
Suppose 0 = -4*a + 4*k + 208, -2*k - 44 = -a - 3*k. Calculate the greatest common divisor of a and 32.
16
Suppose 0 = 3*c + 5*p - 80, 0 = -2*c + 7*c + 2*p - 146. What is the highest common divisor of c and 75?
15
Let i = -80 - -122. Let p = -26 + i. Calculate the greatest common factor of 144 and p.
16
Suppose 3*n - z + 31 = 6*n, 4*n = 5*z + 16. Suppose 2*j = -s - 31 - 9, 4*j = -4*s - 172. Let h be (1 + -2 - s)*1. What is the highest common factor of n and h?
9
Suppose -3*u + 4 + 2 = -3*z, -4*z + 16 = 2*u. What is the greatest common divisor of u and 36?
4
Let m(y) = 5*y + 5*y**2 + 4 - 5*y - y**3. Let u be m(4). Let r = -6 - -10. Calculate the greatest common divisor of u and r.
4
Suppose 4*a = 0, 2*s = 4*a - 7*a + 266. Calculate the greatest common factor of 19 and s.
19
Suppose -5*w = -5*p - 20, -3*p + 5 = -w + 1. Let m be 642/w + (-17)/68. Calculate the highest common divisor of m and 16.
16
Let j = -97 + 159. Calculate the highest common divisor of j and 93.
31
Let p(k) = 7*k**3 - 2*k + 1. Let u be p(1). Suppose -2*t + u = -0*t. Let i = t - -5. Calculate the greatest common divisor of 8 and i.
8
Let j be 15/((2*1)/(-6)). Let t be 4 - 35/(-10)*4. Let c be 112/t + 10/j. What is the greatest common factor of 30 and c?
6
Let k be (4/(-6))/(14/(-147)). What is the greatest common factor of k and 35?
7
Suppose v - 9 + 39 = 5*i, 4*i = -4*v. Suppose w - 129 = 5*p, 391 = -2*w + 6*w + i*p. What is the greatest common divisor of w and 13?
13
Suppose 0 = -5*x - 4 + 304. Let h be ((-4)/(-8))/(2/x). Let v = 12 - -18. Calculate the greatest common factor of v and h.
15
Let l = 21 + -13. Let j be l/(-20) + 704/10. Let c = -42 + j. Calculate the greatest common factor of 42 and c.
14
Suppose d - 18 = 2*d - 3*k, -7 = -d - 2*k. Let m(c) = c**2 - 2*c + 2. Let a be m(d). Suppose a = 4*n + 1. What is the highest common factor of 36 and n?
4
Suppose 5*f - 20 = f. Let g = f + -2. Calculate the highest common factor of 12 and g.
3
Let x(h) = h**2 + 6*h + 5. Let z be x(-9). Let u(p) = -p**3 - 4*p**2 - 3*p - 4. Let o be u(-4). What is the highest common divisor of o and z?
8
Let x = 22 - 18. Suppose -x*v - 3*b = -0*v - 87, 5*b = -5*v + 115. Calculate the greatest common factor of 144 and v.
18
Suppose 12 = -4*a, -30 = -4*o - 4*a + 14. Calculate the greatest common factor of o and 42.
14
Let g be (7 - 2) + 2/1. Calculate the greatest common divisor of g and 7.
7
Suppose 0*x - 3*x - d + 91 = 0, -3*x + 85 = -5*d. Suppose -2*w + 48 = 4*y, -2*y - 4*w = -0 - x. Calculate the highest common factor of 55 and y.
11
Let q = 4 + -4. Suppose -3*t - 2*z - 6 = -0, q = -4*z. Let u be (18/(-15))/(t/10). Calculate the greatest common factor of u and 54.
6
Let k be 2*(-2)/4*-16. What is the greatest common factor of k and 80?
16
Let t(f) = f - 6. Let w be t(8). Let o be 0 + 0 + 1 + 5. Calculate the greatest common factor of o and w.
2
Let y be 0 + 0/2 - -6. Suppose 0*f = 2*f - 108. Calculate the greatest common divisor of y and f.
6
Let v(d) = -d**3 - 6*d**2 + 7*d + 7. Let j be v(-7). Let u = -1 + 1. Suppose 3*i + i + 5*t = 3, -i + 4*t + 27 = u. What is the highest common factor of j and i?
7
Suppose -22*s = -16*s - 126. Calculate the greatest common factor of s and 231.
21
Let w be 16/40 + (-138)/(-5). What is the highest common factor of 56 and w?
28
Suppose m + 3*i = 207, m + 0*i - 201 = -5*i. What is the greatest common divisor of m and 27?
27
Suppose w + 6*o + 2 = 2*o, 44 = 5*w + 2*o. What is the greatest common factor of 20 and w?
10
Let c(a) = a**2 + 19*a + 59. Let q be c(-16). Suppose -y + 440 = 4*y. Calculate the highest common divisor of q and y.
11
Let m = -38 + 158. What is the highest common factor of m and 40?
40
Let o(f) = 28*f**3 - f + 1. Suppose 2*m = 6*m - 5*t - 14, 2*t + 1 = -3*m. Let u be o(m). What is the highest common divisor of 42 and u?
14
Suppose 3*f = 7*f - 36. What is the greatest common divisor of 45 and f?
9
Let g(a) = -2*a - 12. Suppose -5*h + 0*k = -2*k + 51, 0 = -3*h + 5*k - 42. Let b be g(h). What is the greatest common factor of 18 and b?
6
Suppose 2*j = -3*j - 310. Let k = j + 118. Calculate the greatest common divisor of k and 8.
8
Let f(s) = -s**3 - 8*s**2 + 8*s - 5. Let w be f(-9). Suppose w*n - 18 = 2*n. Calculate the greatest common factor of 1 and n.
1
Let b(d) = -d**2 - 7*d. Let c be b(-6). Let i = -4 - c. Let j = 20 + i. What is the highest common factor of 70 and j?
10
Suppose 0 = -5*s + b + 293 - 19, 3*s - 5*b - 182 = 0. Calculate the greatest common divisor of 36 and s.
18
Let c(k) = -k**2 + 12*k + 2. Let f be c(10). What is the greatest common factor of 44 and f?
22
Suppose 13 - 5 = 2*g. Suppose -37 + 5 = -g*q. Calculate the highest common factor of q and 24.
8
Let q = 42 + -17. What is the greatest common factor of 25 and q?
25
Suppose -8*h - 19 = -147. Calculate the highest common divisor of 176 and h.
16
Suppose -5*i = 45 - 120. Suppose -5*s + 10 + 10 = 0. Suppose 0*p + 24 = s*p. Calculate the highest common divisor of i and p.
3
Suppose -7*k + 21 = -21. What is the highest common divisor of 3 and k?
3
Let m(s) = -s. Let y be m(-6). Let h be -6*((-3)/y + 0). Suppose 0 = 5*g - 4*u - 45, 6*u - 2*u = -h*g + 27. Calculate the greatest common factor of 9 and g.
9
Let i be -1*(-2 - (-2 + 1)). Let y = -4 - -7. Let g be (y + 0)*(-2 - -5). Calculate the greatest common factor of g and i.
1
Suppose 5*b - 2*b = 126. Let o be 20 - 4 - (1 + 1). Calculate the highest common factor of o and b.
14
Let z(x) = x**2 - 6*x - 4. Let h be 5/((-1)/2*2). Let k be z(h). Calculate the greatest common divisor of 17 and k.
17
Suppose -4*d - d = -2330. Let z = -10 - -13. Suppose -4*g - d = -2*p - z*p, -2*g - 8 = 0. Calculate the greatest common divisor of 10 and p.
10
Let d(v) = 2*v**2 - 3*v - 5. Let a be d(4). Suppose -5 = -4*f + a. Suppose -3*k + 20 = k. What is the greatest common